{"id":319,"date":"2024-09-16T05:06:28","date_gmt":"2024-09-16T05:06:28","guid":{"rendered":"https:\/\/aspacehu.es\/index.php\/contact\/"},"modified":"2026-01-28T10:39:11","modified_gmt":"2026-01-28T10:39:11","slug":"contact","status":"publish","type":"page","link":"https:\/\/aspacehu.es\/index.php\/contact\/","title":{"rendered":"Contact"},"content":{"rendered":"\t\t<div data-elementor-type=\"wp-page\" data-elementor-id=\"319\" class=\"elementor elementor-319\">\n\t\t\t\t<div class=\"elementor-element elementor-element-94f01c0 e-flex e-con-boxed e-con e-parent\" data-id=\"94f01c0\" data-element_type=\"container\" data-settings=\"{&quot;background_background&quot;:&quot;classic&quot;}\">\n\t\t\t\t\t<div class=\"e-con-inner\">\n\t\t\t\t<div class=\"elementor-element elementor-element-ba8c4c0 elementor-widget elementor-widget-image-box\" data-id=\"ba8c4c0\" data-element_type=\"widget\" data-widget_type=\"image-box.default\">\n\t\t\t\t\t<div class=\"elementor-image-box-wrapper\"><div class=\"elementor-image-box-content\"><h1 class=\"elementor-image-box-title\">Contacto<\/h1><p class=\"elementor-image-box-description\">Ponte en contacto con ASPACEHU si necesitas informaci\u00f3n, orientaci\u00f3n o quieres conocer nuestros servicios y actividades en Huelva.<\/p><\/div><\/div>\t\t\t\t<\/div>\n\t\t\t\t\t<\/div>\n\t\t\t\t<\/div>\n\t\t<div class=\"elementor-element elementor-element-b427cb8 e-flex e-con-boxed e-con e-parent\" data-id=\"b427cb8\" data-element_type=\"container\" data-settings=\"{&quot;background_background&quot;:&quot;classic&quot;}\">\n\t\t\t\t\t<div class=\"e-con-inner\">\n\t\t<div class=\"elementor-element elementor-element-0271cda e-con-full e-flex e-con e-child\" data-id=\"0271cda\" data-element_type=\"container\" data-settings=\"{&quot;background_background&quot;:&quot;classic&quot;}\">\n\t\t<div class=\"elementor-element elementor-element-304b4e5 e-con-full e-flex e-con e-child\" data-id=\"304b4e5\" data-element_type=\"container\">\n\t\t\t\t<div class=\"elementor-element elementor-element-721f50b elementor-widget elementor-widget-heading\" data-id=\"721f50b\" data-element_type=\"widget\" data-widget_type=\"heading.default\">\n\t\t\t\t\t<p class=\"elementor-heading-title elementor-size-default\">Tel\u00e9fono<\/p>\t\t\t\t<\/div>\n\t\t\t\t<div class=\"elementor-element elementor-element-399ecd1 elementor-widget elementor-widget-heading\" data-id=\"399ecd1\" data-element_type=\"widget\" data-widget_type=\"heading.default\">\n\t\t\t\t\t<h6 class=\"elementor-heading-title elementor-size-default\">Tel: 959 159 242\n<\/h6>\t\t\t\t<\/div>\n\t\t\t\t<\/div>\n\t\t<div class=\"elementor-element elementor-element-e8fe7b9 e-con-full e-flex e-con e-child\" data-id=\"e8fe7b9\" data-element_type=\"container\">\n\t\t\t\t<div class=\"elementor-element elementor-element-2e6064d elementor-widget elementor-widget-heading\" data-id=\"2e6064d\" data-element_type=\"widget\" data-widget_type=\"heading.default\">\n\t\t\t\t\t<p class=\"elementor-heading-title elementor-size-default\">Direcci\u00f3n<\/p>\t\t\t\t<\/div>\n\t\t\t\t<div class=\"elementor-element elementor-element-a259f0c elementor-widget elementor-widget-heading\" data-id=\"a259f0c\" data-element_type=\"widget\" data-widget_type=\"heading.default\">\n\t\t\t\t\t<h6 class=\"elementor-heading-title elementor-size-default\">Av. Santa Marta, s\/n \n<br>21005 \u00b7 Huelva (Huelva), Espa\u00f1a<\/h6>\t\t\t\t<\/div>\n\t\t\t\t<\/div>\n\t\t<div class=\"elementor-element elementor-element-d4eb1d9 e-con-full e-flex e-con e-child\" data-id=\"d4eb1d9\" data-element_type=\"container\">\n\t\t\t\t<div class=\"elementor-element elementor-element-f51218b elementor-widget elementor-widget-heading\" data-id=\"f51218b\" data-element_type=\"widget\" data-widget_type=\"heading.default\">\n\t\t\t\t\t<p class=\"elementor-heading-title elementor-size-default\">\u00bfNecesitas ayuda?<\/p>\t\t\t\t<\/div>\n\t\t\t\t<div class=\"elementor-element elementor-element-835d4d4 elementor-widget elementor-widget-heading\" data-id=\"835d4d4\" data-element_type=\"widget\" data-widget_type=\"heading.default\">\n\t\t\t\t\t<h6 class=\"elementor-heading-title elementor-size-default\">Consulta nuestras secciones principales o escr\u00edbenos directamente.<\/h6>\t\t\t\t<\/div>\n\t\t\t\t<\/div>\n\t\t\t\t<\/div>\n\t\t<div class=\"elementor-element elementor-element-cebd81e e-con-full e-flex e-con e-child\" data-id=\"cebd81e\" data-element_type=\"container\">\n\t\t<div class=\"elementor-element elementor-element-a1e05eb e-con-full e-flex e-con e-child\" data-id=\"a1e05eb\" data-element_type=\"container\">\n\t\t\t\t<div class=\"elementor-element elementor-element-66d4310 elementor-widget elementor-widget-heading\" data-id=\"66d4310\" data-element_type=\"widget\" data-widget_type=\"heading.default\">\n\t\t\t\t\t<p class=\"elementor-heading-title elementor-size-default\">Escr\u00edbenos<\/p>\t\t\t\t<\/div>\n\t\t\t\t<div class=\"elementor-element elementor-element-ddd017c elementor-widget elementor-widget-image-box\" data-id=\"ddd017c\" data-element_type=\"widget\" data-widget_type=\"image-box.default\">\n\t\t\t\t\t<div class=\"elementor-image-box-wrapper\"><div class=\"elementor-image-box-content\"><h2 class=\"elementor-image-box-title\">\u00bfEn qu\u00e9 podemos ayudarte?<\/h2><p class=\"elementor-image-box-description\">En Aspacehu te escuchamos y te orientamos seg\u00fan cada situaci\u00f3n. Si necesitas informaci\u00f3n sobre par\u00e1lisis cerebral, apoyos, recursos o servicios, contacta con nosotros y te responderemos lo antes posible.<\/p><\/div><\/div>\t\t\t\t<\/div>\n\t\t\t\t<div class=\"elementor-element elementor-element-7c41d15 elementor-widget elementor-widget-image-box\" data-id=\"7c41d15\" data-element_type=\"widget\" data-widget_type=\"image-box.default\">\n\t\t\t\t\t<div class=\"elementor-image-box-wrapper\"><div class=\"elementor-image-box-content\"><h6 class=\"elementor-image-box-title\">Sede (Huelva)<\/h6><p class=\"elementor-image-box-description\">Av. Santa Marta, s\/n \u00b7 21005 Huelva\n<br>\nTel.: 959 159 242\n<br>\nEmail: administracion@aspacehu.org<\/p><\/div><\/div>\t\t\t\t<\/div>\n\t\t\t\t<div class=\"elementor-element elementor-element-9611544 elementor-widget-divider--view-line elementor-widget elementor-widget-divider\" data-id=\"9611544\" data-element_type=\"widget\" data-widget_type=\"divider.default\">\n\t\t\t\t\t\t\t<div class=\"elementor-divider\">\n\t\t\t<span class=\"elementor-divider-separator\">\n\t\t\t\t\t\t<\/span>\n\t\t<\/div>\n\t\t\t\t\t\t<\/div>\n\t\t\t\t<div class=\"elementor-element elementor-element-f25d426 elementor-widget-divider--view-line elementor-widget elementor-widget-divider\" data-id=\"f25d426\" data-element_type=\"widget\" data-widget_type=\"divider.default\">\n\t\t\t\t\t\t\t<div class=\"elementor-divider\">\n\t\t\t<span class=\"elementor-divider-separator\">\n\t\t\t\t\t\t<\/span>\n\t\t<\/div>\n\t\t\t\t\t\t<\/div>\n\t\t\t\t<\/div>\n\t\t<div class=\"elementor-element elementor-element-37f8abc e-con-full e-flex e-con e-child\" data-id=\"37f8abc\" data-element_type=\"container\">\n\t\t\t\t<div class=\"elementor-element elementor-element-a9868d3 elementor-widget elementor-widget-image\" data-id=\"a9868d3\" data-element_type=\"widget\" data-widget_type=\"image.default\">\n\t\t\t\t\t\t\t\t\t\t\t\t\t\t\t<img fetchpriority=\"high\" decoding=\"async\" width=\"600\" height=\"400\" src=\"https:\/\/aspacehu.es\/wp-content\/uploads\/2026\/01\/UNIDADES9-600x400-1.jpg\" class=\"attachment-large size-large wp-image-2168\" alt=\"\" srcset=\"https:\/\/aspacehu.es\/wp-content\/uploads\/2026\/01\/UNIDADES9-600x400-1.jpg 600w, https:\/\/aspacehu.es\/wp-content\/uploads\/2026\/01\/UNIDADES9-600x400-1-300x200.jpg 300w\" sizes=\"(max-width: 600px) 100vw, 600px\" \/>\t\t\t\t\t\t\t\t\t\t\t\t\t\t\t<\/div>\n\t\t\t\t<\/div>\n\t\t\t\t<\/div>\n\t\t\t\t\t<\/div>\n\t\t\t\t<\/div>\n\t\t<div class=\"elementor-element elementor-element-259b489 e-flex e-con-boxed e-con e-parent\" data-id=\"259b489\" data-element_type=\"container\" data-settings=\"{&quot;background_background&quot;:&quot;gradient&quot;}\">\n\t\t\t\t\t<div class=\"e-con-inner\">\n\t\t\t\t<div class=\"elementor-element elementor-element-3e55118 elementor-widget elementor-widget-heading\" data-id=\"3e55118\" data-element_type=\"widget\" data-widget_type=\"heading.default\">\n\t\t\t\t\t<p class=\"elementor-heading-title elementor-size-default\">D\u00f3nde trabajamos<\/p>\t\t\t\t<\/div>\n\t\t\t\t<div class=\"elementor-element elementor-element-5d637fd elementor-widget elementor-widget-heading\" data-id=\"5d637fd\" data-element_type=\"widget\" data-widget_type=\"heading.default\">\n\t\t\t\t\t<h3 class=\"elementor-heading-title elementor-size-default\">Nuestra actividad se desarrolla principalmente en Huelva, apoyando a personas con par\u00e1lisis cerebral y a sus familias, y colaborando con el entorno social y comunitario para mejorar accesibilidad e inclusi\u00f3n.<\/h3>\t\t\t\t<\/div>\n\t\t\t\t<div class=\"elementor-element elementor-element-70a8434 elementor-widget elementor-widget-google_maps\" data-id=\"70a8434\" data-element_type=\"widget\" data-widget_type=\"google_maps.default\">\n\t\t\t\t\t\t\t<div class=\"elementor-custom-embed\">\n\t\t\t<iframe loading=\"lazy\"\n\t\t\t\t\tsrc=\"https:\/\/maps.google.com\/maps?q=Aspacehu&#038;t=m&#038;z=15&#038;output=embed&#038;iwloc=near\"\n\t\t\t\t\ttitle=\"Aspacehu\"\n\t\t\t\t\taria-label=\"Aspacehu\"\n\t\t\t><\/iframe>\n\t\t<\/div>\n\t\t\t\t\t\t<\/div>\n\t\t\t\t\t<\/div>\n\t\t\t\t<\/div>\n\t\t\t\t<\/div>\n\t\t","protected":false},"excerpt":{"rendered":"<p>Contacto Ponte en contacto con ASPACEHU si necesitas informaci\u00f3n, orientaci\u00f3n o quieres conocer nuestros servicios y actividades en Huelva. Tel\u00e9fono Tel: 959 159 242 Direcci\u00f3n Av. Santa Marta, s\/n 21005 \u00b7 Huelva (Huelva), Espa\u00f1a \u00bfNecesitas ayuda? Consulta nuestras secciones principales o escr\u00edbenos directamente. Escr\u00edbenos \u00bfEn qu\u00e9 podemos ayudarte? En Aspacehu te escuchamos y te orientamos [&hellip;]<\/p>\n","protected":false},"author":1,"featured_media":0,"parent":0,"menu_order":0,"comment_status":"closed","ping_status":"closed","template":"","meta":{"site-sidebar-layout":"no-sidebar","site-content-layout":"page-builder","ast-site-content-layout":"full-width-container","site-content-style":"default","site-sidebar-style":"default","ast-global-header-display":"","ast-banner-title-visibility":"disabled","ast-main-header-display":"","ast-hfb-above-header-display":"","ast-hfb-below-header-display":"","ast-hfb-mobile-header-display":"","site-post-title":"disabled","ast-breadcrumbs-content":"","ast-featured-img":"disabled","footer-sml-layout":"","ast-disable-related-posts":"","theme-transparent-header-meta":"enabled","adv-header-id-meta":"","stick-header-meta":"","header-above-stick-meta":"","header-main-stick-meta":"","header-below-stick-meta":"","astra-migrate-meta-layouts":"set","ast-page-background-enabled":"default","ast-page-background-meta":{"desktop":{"background-color":"var(--ast-global-color-4)","background-image":"","background-repeat":"repeat","background-position":"center center","background-size":"auto","background-attachment":"scroll","background-type":"","background-media":"","overlay-type":"","overlay-color":"","overlay-opacity":"","overlay-gradient":""},"tablet":{"background-color":"","background-image":"","background-repeat":"repeat","background-position":"center center","background-size":"auto","background-attachment":"scroll","background-type":"","background-media":"","overlay-type":"","overlay-color":"","overlay-opacity":"","overlay-gradient":""},"mobile":{"background-color":"","background-image":"","background-repeat":"repeat","background-position":"center center","background-size":"auto","background-attachment":"scroll","background-type":"","background-media":"","overlay-type":"","overlay-color":"","overlay-opacity":"","overlay-gradient":""}},"ast-content-background-meta":{"desktop":{"background-color":"var(--ast-global-color-5)","background-image":"","background-repeat":"repeat","background-position":"center center","background-size":"auto","background-attachment":"scroll","background-type":"","background-media":"","overlay-type":"","overlay-color":"","overlay-opacity":"","overlay-gradient":""},"tablet":{"background-color":"var(--ast-global-color-5)","background-image":"","background-repeat":"repeat","background-position":"center center","background-size":"auto","background-attachment":"scroll","background-type":"","background-media":"","overlay-type":"","overlay-color":"","overlay-opacity":"","overlay-gradient":""},"mobile":{"background-color":"var(--ast-global-color-5)","background-image":"","background-repeat":"repeat","background-position":"center center","background-size":"auto","background-attachment":"scroll","background-type":"","background-media":"","overlay-type":"","overlay-color":"","overlay-opacity":"","overlay-gradient":""}},"footnotes":""},"class_list":["post-319","page","type-page","status-publish","hentry"],"yoast_head":"<!-- This site is optimized with the Yoast SEO plugin v27.0 - https:\/\/yoast.com\/product\/yoast-seo-wordpress\/ -->\n<title>Contact - Aspacehu<\/title>\n<meta name=\"robots\" content=\"index, follow, max-snippet:-1, max-image-preview:large, max-video-preview:-1\" \/>\n<link rel=\"canonical\" href=\"https:\/\/aspacehu.es\/index.php\/contact\/\" \/>\n<meta property=\"og:locale\" content=\"es_ES\" \/>\n<meta property=\"og:type\" content=\"article\" \/>\n<meta property=\"og:title\" content=\"Contact - Aspacehu\" \/>\n<meta property=\"og:description\" content=\"Contacto Ponte en contacto con ASPACEHU si necesitas informaci\u00f3n, orientaci\u00f3n o quieres conocer nuestros servicios y actividades en Huelva. Tel\u00e9fono Tel: 959 159 242 Direcci\u00f3n Av. Santa Marta, s\/n 21005 \u00b7 Huelva (Huelva), Espa\u00f1a \u00bfNecesitas ayuda? Consulta nuestras secciones principales o escr\u00edbenos directamente. Escr\u00edbenos \u00bfEn qu\u00e9 podemos ayudarte? En Aspacehu te escuchamos y te orientamos [&hellip;]\" \/>\n<meta property=\"og:url\" content=\"https:\/\/aspacehu.es\/index.php\/contact\/\" \/>\n<meta property=\"og:site_name\" content=\"Aspacehu\" \/>\n<meta property=\"article:modified_time\" content=\"2026-01-28T10:39:11+00:00\" \/>\n<meta property=\"og:image\" content=\"https:\/\/aspacehu.es\/wp-content\/uploads\/2026\/01\/UNIDADES9-600x400-1.jpg\" \/>\n\t<meta property=\"og:image:width\" content=\"600\" \/>\n\t<meta property=\"og:image:height\" content=\"400\" \/>\n\t<meta property=\"og:image:type\" content=\"image\/jpeg\" \/>\n<meta name=\"twitter:card\" content=\"summary_large_image\" \/>\n<meta name=\"twitter:label1\" content=\"Tiempo de lectura\" \/>\n\t<meta name=\"twitter:data1\" content=\"1 minuto\" \/>\n<script type=\"application\/ld+json\" class=\"yoast-schema-graph\">{\"@context\":\"https:\/\/schema.org\",\"@graph\":[{\"@type\":\"WebPage\",\"@id\":\"https:\/\/aspacehu.es\/index.php\/contact\/\",\"url\":\"https:\/\/aspacehu.es\/index.php\/contact\/\",\"name\":\"Contact - Aspacehu\",\"isPartOf\":{\"@id\":\"https:\/\/aspacehu.es\/#website\"},\"primaryImageOfPage\":{\"@id\":\"https:\/\/aspacehu.es\/index.php\/contact\/#primaryimage\"},\"image\":{\"@id\":\"https:\/\/aspacehu.es\/index.php\/contact\/#primaryimage\"},\"thumbnailUrl\":\"https:\/\/aspacehu.es\/wp-content\/uploads\/2026\/01\/UNIDADES9-600x400-1.jpg\",\"datePublished\":\"2024-09-16T05:06:28+00:00\",\"dateModified\":\"2026-01-28T10:39:11+00:00\",\"breadcrumb\":{\"@id\":\"https:\/\/aspacehu.es\/index.php\/contact\/#breadcrumb\"},\"inLanguage\":\"es\",\"potentialAction\":[{\"@type\":\"ReadAction\",\"target\":[\"https:\/\/aspacehu.es\/index.php\/contact\/\"]}]},{\"@type\":\"ImageObject\",\"inLanguage\":\"es\",\"@id\":\"https:\/\/aspacehu.es\/index.php\/contact\/#primaryimage\",\"url\":\"https:\/\/aspacehu.es\/wp-content\/uploads\/2026\/01\/UNIDADES9-600x400-1.jpg\",\"contentUrl\":\"https:\/\/aspacehu.es\/wp-content\/uploads\/2026\/01\/UNIDADES9-600x400-1.jpg\",\"width\":600,\"height\":400},{\"@type\":\"BreadcrumbList\",\"@id\":\"https:\/\/aspacehu.es\/index.php\/contact\/#breadcrumb\",\"itemListElement\":[{\"@type\":\"ListItem\",\"position\":1,\"name\":\"Portada\",\"item\":\"https:\/\/aspacehu.es\/\"},{\"@type\":\"ListItem\",\"position\":2,\"name\":\"Contact\"}]},{\"@type\":\"WebSite\",\"@id\":\"https:\/\/aspacehu.es\/#website\",\"url\":\"https:\/\/aspacehu.es\/\",\"name\":\"Aspacehu\",\"description\":\"\",\"publisher\":{\"@id\":\"https:\/\/aspacehu.es\/#organization\"},\"potentialAction\":[{\"@type\":\"SearchAction\",\"target\":{\"@type\":\"EntryPoint\",\"urlTemplate\":\"https:\/\/aspacehu.es\/?s={search_term_string}\"},\"query-input\":{\"@type\":\"PropertyValueSpecification\",\"valueRequired\":true,\"valueName\":\"search_term_string\"}}],\"inLanguage\":\"es\"},{\"@type\":\"Organization\",\"@id\":\"https:\/\/aspacehu.es\/#organization\",\"name\":\"Aspacehu\",\"url\":\"https:\/\/aspacehu.es\/\",\"logo\":{\"@type\":\"ImageObject\",\"inLanguage\":\"es\",\"@id\":\"https:\/\/aspacehu.es\/#\/schema\/logo\/image\/\",\"url\":\"https:\/\/aspacehu.es\/wp-content\/uploads\/2026\/01\/cropped-cropped-cropped-aspacehu-logo-scaled-1.png\",\"contentUrl\":\"https:\/\/aspacehu.es\/wp-content\/uploads\/2026\/01\/cropped-cropped-cropped-aspacehu-logo-scaled-1.png\",\"width\":1744,\"height\":393,\"caption\":\"Aspacehu\"},\"image\":{\"@id\":\"https:\/\/aspacehu.es\/#\/schema\/logo\/image\/\"}}]}<\/script>\n<!-- \/ Yoast SEO plugin. -->","yoast_head_json":{"title":"Contact - Aspacehu","robots":{"index":"index","follow":"follow","max-snippet":"max-snippet:-1","max-image-preview":"max-image-preview:large","max-video-preview":"max-video-preview:-1"},"canonical":"https:\/\/aspacehu.es\/index.php\/contact\/","og_locale":"es_ES","og_type":"article","og_title":"Contact - Aspacehu","og_description":"Contacto Ponte en contacto con ASPACEHU si necesitas informaci\u00f3n, orientaci\u00f3n o quieres conocer nuestros servicios y actividades en Huelva. Tel\u00e9fono Tel: 959 159 242 Direcci\u00f3n Av. Santa Marta, s\/n 21005 \u00b7 Huelva (Huelva), Espa\u00f1a \u00bfNecesitas ayuda? Consulta nuestras secciones principales o escr\u00edbenos directamente. Escr\u00edbenos \u00bfEn qu\u00e9 podemos ayudarte? En Aspacehu te escuchamos y te orientamos [&hellip;]","og_url":"https:\/\/aspacehu.es\/index.php\/contact\/","og_site_name":"Aspacehu","article_modified_time":"2026-01-28T10:39:11+00:00","og_image":[{"width":600,"height":400,"url":"https:\/\/aspacehu.es\/wp-content\/uploads\/2026\/01\/UNIDADES9-600x400-1.jpg","type":"image\/jpeg"}],"twitter_card":"summary_large_image","twitter_misc":{"Tiempo de lectura":"1 minuto"},"schema":{"@context":"https:\/\/schema.org","@graph":[{"@type":"WebPage","@id":"https:\/\/aspacehu.es\/index.php\/contact\/","url":"https:\/\/aspacehu.es\/index.php\/contact\/","name":"Contact - Aspacehu","isPartOf":{"@id":"https:\/\/aspacehu.es\/#website"},"primaryImageOfPage":{"@id":"https:\/\/aspacehu.es\/index.php\/contact\/#primaryimage"},"image":{"@id":"https:\/\/aspacehu.es\/index.php\/contact\/#primaryimage"},"thumbnailUrl":"https:\/\/aspacehu.es\/wp-content\/uploads\/2026\/01\/UNIDADES9-600x400-1.jpg","datePublished":"2024-09-16T05:06:28+00:00","dateModified":"2026-01-28T10:39:11+00:00","breadcrumb":{"@id":"https:\/\/aspacehu.es\/index.php\/contact\/#breadcrumb"},"inLanguage":"es","potentialAction":[{"@type":"ReadAction","target":["https:\/\/aspacehu.es\/index.php\/contact\/"]}]},{"@type":"ImageObject","inLanguage":"es","@id":"https:\/\/aspacehu.es\/index.php\/contact\/#primaryimage","url":"https:\/\/aspacehu.es\/wp-content\/uploads\/2026\/01\/UNIDADES9-600x400-1.jpg","contentUrl":"https:\/\/aspacehu.es\/wp-content\/uploads\/2026\/01\/UNIDADES9-600x400-1.jpg","width":600,"height":400},{"@type":"BreadcrumbList","@id":"https:\/\/aspacehu.es\/index.php\/contact\/#breadcrumb","itemListElement":[{"@type":"ListItem","position":1,"name":"Portada","item":"https:\/\/aspacehu.es\/"},{"@type":"ListItem","position":2,"name":"Contact"}]},{"@type":"WebSite","@id":"https:\/\/aspacehu.es\/#website","url":"https:\/\/aspacehu.es\/","name":"Aspacehu","description":"","publisher":{"@id":"https:\/\/aspacehu.es\/#organization"},"potentialAction":[{"@type":"SearchAction","target":{"@type":"EntryPoint","urlTemplate":"https:\/\/aspacehu.es\/?s={search_term_string}"},"query-input":{"@type":"PropertyValueSpecification","valueRequired":true,"valueName":"search_term_string"}}],"inLanguage":"es"},{"@type":"Organization","@id":"https:\/\/aspacehu.es\/#organization","name":"Aspacehu","url":"https:\/\/aspacehu.es\/","logo":{"@type":"ImageObject","inLanguage":"es","@id":"https:\/\/aspacehu.es\/#\/schema\/logo\/image\/","url":"https:\/\/aspacehu.es\/wp-content\/uploads\/2026\/01\/cropped-cropped-cropped-aspacehu-logo-scaled-1.png","contentUrl":"https:\/\/aspacehu.es\/wp-content\/uploads\/2026\/01\/cropped-cropped-cropped-aspacehu-logo-scaled-1.png","width":1744,"height":393,"caption":"Aspacehu"},"image":{"@id":"https:\/\/aspacehu.es\/#\/schema\/logo\/image\/"}}]}},"_links":{"self":[{"href":"https:\/\/aspacehu.es\/index.php\/wp-json\/wp\/v2\/pages\/319","targetHints":{"allow":["GET"]}}],"collection":[{"href":"https:\/\/aspacehu.es\/index.php\/wp-json\/wp\/v2\/pages"}],"about":[{"href":"https:\/\/aspacehu.es\/index.php\/wp-json\/wp\/v2\/types\/page"}],"author":[{"embeddable":true,"href":"https:\/\/aspacehu.es\/index.php\/wp-json\/wp\/v2\/users\/1"}],"replies":[{"embeddable":true,"href":"https:\/\/aspacehu.es\/index.php\/wp-json\/wp\/v2\/comments?post=319"}],"version-history":[{"count":9,"href":"https:\/\/aspacehu.es\/index.php\/wp-json\/wp\/v2\/pages\/319\/revisions"}],"predecessor-version":[{"id":2177,"href":"https:\/\/aspacehu.es\/index.php\/wp-json\/wp\/v2\/pages\/319\/revisions\/2177"}],"wp:attachment":[{"href":"https:\/\/aspacehu.es\/index.php\/wp-json\/wp\/v2\/media?parent=319"}],"curies":[{"name":"wp","href":"https:\/\/api.w.org\/{rel}","templated":true}]}}